{"id":477,"date":"2023-05-24T17:12:50","date_gmt":"2023-05-24T22:12:50","guid":{"rendered":"https:\/\/qualitasas.com\/?page_id=477"},"modified":"2025-06-06T15:42:00","modified_gmt":"2025-06-06T20:42:00","slug":"educacion","status":"publish","type":"page","link":"https:\/\/qualitasas.com\/index.php\/educacion\/","title":{"rendered":"Educaci\u00f3n"},"content":{"rendered":"\n<h1 class=\"wp-block-gutenverse-heading guten-element guten-X3x8fj\">Instituto T\u00e9cnico Qualita<\/h1>\n\n\n\n<div class=\"guten-element guten-social-icons guten-Hw1SZr rounded horizontal fill\">\n<div class=\"guten-element guten-social-icon guten-ezfKd2 facebook\"><a id=\"guten-ezfKd2\" href=\"https:\/\/www.facebook.com\/institutoqualita\/\" target=\"_blank\" rel=\"noreferrer noopener\"><i class=\"fab fa-facebook\"><\/i><span><\/span><\/a><\/div>\n\n\n\n<div class=\"guten-element guten-social-icon guten-krAQaC instagram\"><a id=\"guten-krAQaC\" href=\"https:\/\/www.instagram.com\/institutoqualitasas\/\" target=\"_blank\" rel=\"noreferrer noopener\"><i class=\"fab fa-instagram\"><\/i><span><\/span><\/a><\/div>\n<\/div>\n\n\n\n<div class=\"guten-element gutenverse-text-editor guten-ZYoToj\"><div class=\"text-content-inner\">\n<p>El Instituto Qualita brinda los servicios de docente de apoyo en el aula, psicopedagog\u00eda y estimulaci\u00f3n temprana a estudiantes con necesidades educativas especiales, el programa de habilidades para la vida para personas en condici\u00f3n de discapacidad y t\u00e9cnicas laborales. Realizamos valoraciones y la correspondiente intervenci\u00f3n teniendo en cuenta las potencialidades como alternativa terap\u00e9utica o de intervenci\u00f3n.<\/p>\n<\/div><\/div>\n\n\n\n<div class=\"wp-block-gutenverse-divider guten-element guten-divider guten-BFCQQR\"><div class=\"guten-divider-wrapper\"><div class=\"guten-divider-default guten-divider-line guten-divider-regular\"><\/div><\/div><\/div>\n\n\n\n<div class=\"section-wrapper\" data-id=\"6YaHDY\"><section class=\"wp-block-gutenverse-section guten-element guten-section guten-6YaHDY layout-boxed align-stretch\"><div class=\"guten-background-overlay\"><\/div><div class=\"guten-shape-divider guten-shape-divider-top\"><\/div><div class=\"guten-shape-divider guten-shape-divider-bottom\"><\/div><div class=\"guten-container guten-column-gap-default\">\n<div class=\"wp-block-gutenverse-column guten-element guten-column guten-kqvZ7M\"><div class=\"guten-background-overlay\"><\/div><div class=\"sticky-wrapper\" data-id=\"kqvZ7M\"><div class=\"guten-column-wrapper\">\n<h2 class=\"wp-block-gutenverse-heading guten-element guten-e5sss0\" id=\"Programa-habilidades\">Programa de habilidades para la vida<\/h2>\n\n\n\n<div class=\"guten-element gutenverse-text-editor guten-v51xwP\"><div class=\"text-content-inner\">\n<p class=\"has-secondary-font-family\">Se desarrolla en tres ciclos, cada uno de los cuales consta de varios programas espec\u00edficos de acuerdo a edad y necesidades.<\/p>\n\n\n\n<ol class=\"wp-block-list\">\n<li class=\"has-secondary-font-family\">Ciclo de aprestamiento: est\u00e1 enfocado en el desarrollo de habilidades motoras, h\u00e1bitos de autocuidado y prerrequisitos conceptuales.<\/li>\n\n\n\n<li class=\"has-secondary-font-family\">Ciclo funcional: se enfoca en el desarrollo cognitivo y adquisici\u00f3n de competencias y habilidades de forma funcional<\/li>\n\n\n\n<li class=\"has-secondary-font-family\">Ciclo Manualidades: se enfatiza en talleres ocupacionales. Reforzados con programa terap\u00e9utico y educativo.<\/li>\n<\/ol>\n<\/div><\/div>\n<\/div><\/div><\/div>\n\n\n\n<div class=\"wp-block-gutenverse-column guten-element guten-column guten-Yq2rdJ\"><div class=\"guten-background-overlay\"><\/div><div class=\"sticky-wrapper\" data-id=\"Yq2rdJ\"><div class=\"guten-column-wrapper\">\n<div class=\"wp-block-gutenverse-image guten-element guten-image guten-odQcgf\"><a class=\"guten-image-wrapper\"><img decoding=\"async\" class=\"gutenverse-image-box-filled\" src=\"https:\/\/qualitasas.com\/wp-content\/uploads\/2023\/05\/image-2-e1685564394545.png\" height=\"924\" width=\"1072\"\/><\/a><\/div>\n<\/div><\/div><\/div>\n<\/div><\/section><\/div>\n\n\n\n<div class=\"wp-block-gutenverse-divider guten-element guten-divider guten-M2gZV1\"><div class=\"guten-divider-wrapper\"><div class=\"guten-divider-default guten-divider-line guten-divider-regular\"><\/div><\/div><\/div>\n\n\n\n<div class=\"section-wrapper\" data-id=\"XvNB9R\"><section class=\"wp-block-gutenverse-section guten-element guten-section guten-XvNB9R layout-boxed align-stretch\"><div class=\"guten-background-overlay\"><\/div><div class=\"guten-shape-divider guten-shape-divider-top\"><\/div><div class=\"guten-shape-divider guten-shape-divider-bottom\"><\/div><div class=\"guten-container guten-column-gap-default\">\n<div class=\"wp-block-gutenverse-column guten-element guten-column guten-nY5Xll\"><div class=\"guten-background-overlay\"><\/div><div class=\"sticky-wrapper\" data-id=\"nY5Xll\"><div class=\"guten-column-wrapper\">\n<div class=\"wp-block-gutenverse-image guten-element guten-image guten-Qj9ERY\"><a class=\"guten-image-wrapper\"><img decoding=\"async\" class=\"gutenverse-image-box-filled\" src=\"https:\/\/qualitasas.com\/wp-content\/uploads\/2023\/05\/Psicopedagogia-scaled.jpg\" height=\"1920\" width=\"2560\"\/><\/a><\/div>\n<\/div><\/div><\/div>\n\n\n\n<div class=\"wp-block-gutenverse-column guten-element guten-column guten-d6SEVw\"><div class=\"guten-background-overlay\"><\/div><div class=\"sticky-wrapper\" data-id=\"d6SEVw\"><div class=\"guten-column-wrapper\">\n<h2 class=\"wp-block-gutenverse-heading guten-element guten-wrvDE4\" id=\"docente-de-apoyo\">Docente de apoyo en el aula<\/h2>\n\n\n\n<div class=\"guten-element gutenverse-text-editor guten-RqzSfc\"><div class=\"text-content-inner\">\n<p class=\"has-secondary-font-family\">Acorde a las necesidades del escolar, se proporciona un docente de apoyo para el acompa\u00f1amiento al interior del aula. Este profesional, orientar\u00e1 las actividades acad\u00e9micas propuestas, favoreciendo el alcance de logros y habilitando sus dispositivos b\u00e1sicos para el aprendizaje.<\/p>\n<\/div><\/div>\n<\/div><\/div><\/div>\n<\/div><\/section><\/div>\n\n\n\n<div class=\"wp-block-gutenverse-divider guten-element guten-divider guten-w5nzoD\"><div class=\"guten-divider-wrapper\"><div class=\"guten-divider-default guten-divider-line guten-divider-regular\"><\/div><\/div><\/div>\n\n\n\n<div class=\"section-wrapper\" data-id=\"282B9v\"><section class=\"wp-block-gutenverse-section guten-element guten-section guten-282B9v layout-boxed align-stretch\"><div class=\"guten-background-overlay\"><\/div><div class=\"guten-shape-divider guten-shape-divider-top\"><\/div><div class=\"guten-shape-divider guten-shape-divider-bottom\"><\/div><div class=\"guten-container guten-column-gap-default\">\n<div class=\"wp-block-gutenverse-column guten-element guten-column guten-f3fZks\"><div class=\"guten-background-overlay\"><\/div><div class=\"sticky-wrapper\" data-id=\"f3fZks\"><div class=\"guten-column-wrapper\">\n<h2 class=\"wp-block-gutenverse-heading guten-element guten-IiXWW1\" id=\"Psicopedagog\u00eda\">Psicopedagog\u00eda<\/h2>\n\n\n\n<div class=\"guten-element gutenverse-text-editor guten-1BPtAa\"><div class=\"text-content-inner\">\n<p>Se realizan diferentes pruebas espec\u00edficas en el \u00e1rea de lectura, escritura y madurez de procesos superiores, para encaminar las propuestas y el plan de acci\u00f3n, este acorde con dichos resultados y lo que sugieran en la evaluaci\u00f3n integral de otros profesionales.<\/p>\n\n\n\n<ul class=\"wp-block-list\">\n<li>Valoraci\u00f3n<\/li>\n\n\n\n<li>Controles de seguimiento<\/li>\n<\/ul>\n<\/div><\/div>\n<\/div><\/div><\/div>\n\n\n\n<div class=\"wp-block-gutenverse-column guten-element guten-column guten-S1ILOI\"><div class=\"guten-background-overlay\"><\/div><div class=\"sticky-wrapper\" data-id=\"S1ILOI\"><div class=\"guten-column-wrapper\">\n<div class=\"wp-block-gutenverse-image guten-element guten-image guten-FLLUXU\"><a class=\"guten-image-wrapper\"><img decoding=\"async\" class=\"gutenverse-image-box-filled\" src=\"https:\/\/qualitasas.com\/wp-content\/uploads\/2023\/05\/01-16-scaled.jpg\" height=\"1679\" width=\"2560\"\/><\/a><\/div>\n<\/div><\/div><\/div>\n<\/div><\/section><\/div>\n\n\n\n<div class=\"wp-block-gutenverse-divider guten-element guten-divider guten-2CSxbF\"><div class=\"guten-divider-wrapper\"><div class=\"guten-divider-default guten-divider-line guten-divider-regular\"><\/div><\/div><\/div>\n\n\n\n<div class=\"section-wrapper\" data-id=\"uuy0W0\"><section class=\"wp-block-gutenverse-section guten-element guten-section guten-uuy0W0 layout-boxed align-stretch\"><div class=\"guten-background-overlay\"><\/div><div class=\"guten-shape-divider guten-shape-divider-top\"><\/div><div class=\"guten-shape-divider guten-shape-divider-bottom\"><\/div><div class=\"guten-container guten-column-gap-default\">\n<div class=\"wp-block-gutenverse-column guten-element guten-column guten-2GiLH2\"><div class=\"guten-background-overlay\"><\/div><div class=\"sticky-wrapper\" data-id=\"2GiLH2\"><div class=\"guten-column-wrapper\">\n<div class=\"wp-block-gutenverse-image guten-element guten-image guten-qBDLSP\"><a class=\"guten-image-wrapper\"><img decoding=\"async\" class=\"gutenverse-image-box-filled\" src=\"https:\/\/qualitasas.com\/wp-content\/uploads\/2023\/05\/IMG-1325-scaled.jpg\" height=\"1920\" width=\"2560\"\/><\/a><\/div>\n<\/div><\/div><\/div>\n\n\n\n<div class=\"wp-block-gutenverse-column guten-element guten-column guten-uyZw2T\"><div class=\"guten-background-overlay\"><\/div><div class=\"sticky-wrapper\" data-id=\"uyZw2T\"><div class=\"guten-column-wrapper\">\n<h2 class=\"wp-block-gutenverse-heading guten-element guten-JwDaxM\" id=\"orientaci\u00f3n\">Orientaci\u00f3n vocacional<\/h2>\n\n\n\n<div class=\"guten-element gutenverse-text-editor guten-OgOgGI\"><div class=\"text-content-inner\">\n<p>Seg\u00fan el perfil ocupacional, los j\u00f3venes a partir de los 17 a\u00f1os, reciben capacitaci\u00f3n a nivel pre vocacional y vocacional, con el fin de desarrollar habilidades y el desarrollo de destrezas y competencias b\u00e1sicas que les hagan funcionales.<\/p>\n<\/div><\/div>\n<\/div><\/div><\/div>\n<\/div><\/section><\/div>\n\n\n\n<div class=\"wp-block-gutenverse-divider guten-element guten-divider guten-AAc2gV\"><div class=\"guten-divider-wrapper\"><div class=\"guten-divider-default guten-divider-line guten-divider-regular\"><\/div><\/div><\/div>\n\n\n\n<div class=\"section-wrapper\" data-id=\"UI5hue\"><section class=\"wp-block-gutenverse-section guten-element guten-section guten-UI5hue layout-boxed align-stretch\"><div class=\"guten-background-overlay\"><\/div><div class=\"guten-shape-divider guten-shape-divider-top\"><\/div><div class=\"guten-shape-divider guten-shape-divider-bottom\"><\/div><div class=\"guten-container guten-column-gap-default\">\n<div class=\"wp-block-gutenverse-column guten-element guten-column guten-rAjiu5\"><div class=\"guten-background-overlay\"><\/div><div class=\"sticky-wrapper\" data-id=\"rAjiu5\"><div class=\"guten-column-wrapper\">\n<h2 class=\"wp-block-gutenverse-heading guten-element guten-VRWCx3\" id=\"Asesor\u00eda-a-centros\">Asesor\u00eda a instituciones educativas<\/h2>\n\n\n\n<div class=\"guten-element gutenverse-text-editor guten-VnGFLV\"><div class=\"text-content-inner\">\n<p>Para el acompa\u00f1amiento a las instituciones se proponen las siguientes estrategias:<\/p>\n\n\n\n<ul class=\"wp-block-list\">\n<li class=\"has-secondary-font-family\">Sensibilizaci\u00f3n en contexto escolar inclusi\u00f3n educativa.<\/li>\n\n\n\n<li class=\"has-secondary-font-family\">Formaci\u00f3n a docentes en necesidades necesidades educativas especiales.<\/li>\n\n\n\n<li class=\"has-secondary-font-family\">Orientaci\u00f3n en dise\u00f1o e implementaci\u00f3n del PIAR.<\/li>\n\n\n\n<li class=\"has-secondary-font-family\">Estrategias pedag\u00f3gicas a ni\u00f1os con necesidades educativas especiales (d\u00e9ficit- talentos excepcionales).<\/li>\n<\/ul>\n<\/div><\/div>\n<\/div><\/div><\/div>\n\n\n\n<div class=\"wp-block-gutenverse-column guten-element guten-column guten-yxc2yO\"><div class=\"guten-background-overlay\"><\/div><div class=\"sticky-wrapper\" data-id=\"yxc2yO\"><div class=\"guten-column-wrapper\">\n<div class=\"wp-block-gutenverse-image guten-element guten-image guten-35lRph\"><a class=\"guten-image-wrapper\"><img decoding=\"async\" class=\"gutenverse-image-box-filled\" src=\"https:\/\/qualitasas.com\/wp-content\/uploads\/2023\/05\/WhatsApp-Image-2023-03-22-at-8.47.34-AM.jpeg\" height=\"960\" width=\"1280\"\/><\/a><\/div>\n<\/div><\/div><\/div>\n<\/div><\/section><\/div>\n\n\n\n<div class=\"wp-block-gutenverse-divider guten-element guten-divider guten-Ybxo8U\"><div class=\"guten-divider-wrapper\"><div class=\"guten-divider-default guten-divider-line guten-divider-regular\"><\/div><\/div><\/div>\n\n\n\n<div class=\"section-wrapper\" data-id=\"YZhZ8h\"><section class=\"wp-block-gutenverse-section guten-element guten-section guten-YZhZ8h layout-boxed align-stretch\"><div class=\"guten-background-overlay\"><\/div><div class=\"guten-shape-divider guten-shape-divider-top\"><\/div><div class=\"guten-shape-divider guten-shape-divider-bottom\"><\/div><div class=\"guten-container guten-column-gap-default\">\n<div class=\"wp-block-gutenverse-column guten-element guten-column guten-fAHdEL\"><div class=\"guten-background-overlay\"><\/div><div class=\"sticky-wrapper\" data-id=\"fAHdEL\"><div class=\"guten-column-wrapper\">\n<div class=\"wp-block-gutenverse-image guten-element guten-image guten-JlSmA0\"><a class=\"guten-image-wrapper\"><img decoding=\"async\" class=\"gutenverse-image-box-filled\" src=\"https:\/\/qualitasas.com\/wp-content\/uploads\/2023\/05\/WhatsApp-Image-2023-03-22-at-8.47.31-AM.jpeg\" height=\"576\" width=\"1280\"\/><\/a><\/div>\n<\/div><\/div><\/div>\n\n\n\n<div class=\"wp-block-gutenverse-column guten-element guten-column guten-YKUejT\"><div class=\"guten-background-overlay\"><\/div><div class=\"sticky-wrapper\" data-id=\"YKUejT\"><div class=\"guten-column-wrapper\">\n<h2 class=\"wp-block-gutenverse-heading guten-element guten-busawH\" id=\"plan-individual\">Plan individual de ajustes razonables (PIAR)<\/h2>\n\n\n\n<div class=\"guten-element gutenverse-text-editor guten-ZlhuV1\"><div class=\"text-content-inner\">\n<p>Se proponen como una herramienta de apoyo, para la planeaci\u00f3n pedag\u00f3gica de los estudiantes con discapacidad dificultades de aprendizaje \u043e consolidando los ajustes razonables que puedan requerir para favorecer su proceso de desarrollo y aprendizaje.<\/p>\n<\/div><\/div>\n<\/div><\/div><\/div>\n<\/div><\/section><\/div>\n\n\n\n<div class=\"wp-block-gutenverse-divider guten-element guten-divider guten-xIQGqM\"><div class=\"guten-divider-wrapper\"><div class=\"guten-divider-default guten-divider-line guten-divider-regular\"><\/div><\/div><\/div>\n\n\n\n<div class=\"section-wrapper\" data-id=\"JAESRE\"><section class=\"wp-block-gutenverse-section guten-element guten-section guten-JAESRE layout-boxed align-stretch\"><div class=\"guten-background-overlay\"><\/div><div class=\"guten-shape-divider guten-shape-divider-top\"><\/div><div class=\"guten-shape-divider guten-shape-divider-bottom\"><\/div><div class=\"guten-container guten-column-gap-default\">\n<div class=\"wp-block-gutenverse-column guten-element guten-column guten-2jiuLo\"><div class=\"guten-background-overlay\"><\/div><div class=\"sticky-wrapper\" data-id=\"2jiuLo\"><div class=\"guten-column-wrapper\">\n<h2 class=\"wp-block-gutenverse-heading guten-element guten-b2FmUm\" id=\"ETDH\">Educaci\u00f3n para el trabajo y el desarrollo humano (ETDH)<\/h2>\n\n\n\n<div class=\"guten-element gutenverse-text-editor guten-PuCxG5\"><div class=\"text-content-inner\">\n<p>T\u00e9cnicas laborales<\/p>\n\n\n\n<ul class=\"wp-block-list\">\n<li>T\u00e9cnico auxiliar en atenci\u00f3n a la primera infancia.<\/li>\n\n\n\n<li>T\u00e9cnico auxiliar en acompa\u00f1amiento domiciliario.<\/li>\n<\/ul>\n<\/div><\/div>\n<\/div><\/div><\/div>\n\n\n\n<div class=\"wp-block-gutenverse-column guten-element guten-column guten-3X7Ck7\"><div class=\"guten-background-overlay\"><\/div><div class=\"sticky-wrapper\" data-id=\"3X7Ck7\"><div class=\"guten-column-wrapper\">\n<div class=\"wp-block-gutenverse-image guten-element guten-image guten-UdCDeG\"><a class=\"guten-image-wrapper\"><img decoding=\"async\" class=\"gutenverse-image-box-filled\" src=\"https:\/\/qualitasas.com\/wp-content\/uploads\/2023\/05\/IMG_1362.jpg\" height=\"780\" width=\"1040\"\/><\/a><\/div>\n<\/div><\/div><\/div>\n<\/div><\/section><\/div>\n","protected":false},"excerpt":{"rendered":"","protected":false},"author":1,"featured_media":0,"parent":0,"menu_order":0,"comment_status":"closed","ping_status":"closed","template":"","meta":{"_eb_attr":"","footnotes":""},"class_list":["post-477","page","type-page","status-publish","hentry"],"_links":{"self":[{"href":"https:\/\/qualitasas.com\/index.php\/wp-json\/wp\/v2\/pages\/477","targetHints":{"allow":["GET"]}}],"collection":[{"href":"https:\/\/qualitasas.com\/index.php\/wp-json\/wp\/v2\/pages"}],"about":[{"href":"https:\/\/qualitasas.com\/index.php\/wp-json\/wp\/v2\/types\/page"}],"author":[{"embeddable":true,"href":"https:\/\/qualitasas.com\/index.php\/wp-json\/wp\/v2\/users\/1"}],"replies":[{"embeddable":true,"href":"https:\/\/qualitasas.com\/index.php\/wp-json\/wp\/v2\/comments?post=477"}],"version-history":[{"count":33,"href":"https:\/\/qualitasas.com\/index.php\/wp-json\/wp\/v2\/pages\/477\/revisions"}],"predecessor-version":[{"id":1400,"href":"https:\/\/qualitasas.com\/index.php\/wp-json\/wp\/v2\/pages\/477\/revisions\/1400"}],"wp:attachment":[{"href":"https:\/\/qualitasas.com\/index.php\/wp-json\/wp\/v2\/media?parent=477"}],"curies":[{"name":"wp","href":"https:\/\/api.w.org\/{rel}","templated":true}]}}